{"id":2625,"date":"2023-09-11T09:08:49","date_gmt":"2023-09-11T14:08:49","guid":{"rendered":"http:\/\/festivales.espol.edu.ec\/smov\/smov\/?page_id=2625"},"modified":"2023-10-05T11:55:37","modified_gmt":"2023-10-05T16:55:37","slug":"home-2023","status":"publish","type":"page","link":"https:\/\/festivales.espol.edu.ec\/smov\/","title":{"rendered":"Home 2023"},"content":{"rendered":"\t\t<div data-elementor-type=\"wp-page\" data-elementor-id=\"2625\" class=\"elementor elementor-2625\">\n\t\t\t\t\t\t<section class=\"elementor-section elementor-top-section elementor-element elementor-element-f19dca5 elementor-section-full_width elementor-section-content-top elementor-section-height-default elementor-section-height-default\" data-id=\"f19dca5\" data-element_type=\"section\">\n\t\t\t\t\t\t<div class=\"elementor-container elementor-column-gap-no\">\n\t\t\t\t\t<div class=\"elementor-column elementor-col-100 elementor-top-column elementor-element elementor-element-5c221a9\" data-id=\"5c221a9\" data-element_type=\"column\">\n\t\t\t<div class=\"elementor-widget-wrap elementor-element-populated\">\n\t\t\t\t\t\t<div class=\"elementor-element elementor-element-77fd4ba elementor-arrows-position-inside elementor-widget elementor-widget-image-carousel\" data-id=\"77fd4ba\" data-element_type=\"widget\" data-settings=\"{&quot;slides_to_show&quot;:&quot;1&quot;,&quot;navigation&quot;:&quot;arrows&quot;,&quot;autoplay&quot;:&quot;yes&quot;,&quot;pause_on_hover&quot;:&quot;yes&quot;,&quot;pause_on_interaction&quot;:&quot;yes&quot;,&quot;autoplay_speed&quot;:5000,&quot;infinite&quot;:&quot;yes&quot;,&quot;effect&quot;:&quot;slide&quot;,&quot;speed&quot;:500}\" data-widget_type=\"image-carousel.default\">\n\t\t\t\t<div class=\"elementor-widget-container\">\n\t\t\t\t\t\t\t<div class=\"elementor-image-carousel-wrapper swiper\" role=\"region\" aria-roledescription=\"carousel\" aria-label=\"Carrusel de im\u00e1genes\" dir=\"ltr\">\n\t\t\t<div class=\"elementor-image-carousel swiper-wrapper\" aria-live=\"off\">\n\t\t\t\t\t\t\t\t<div class=\"swiper-slide\" role=\"group\" aria-roledescription=\"slide\" aria-label=\"1 de 4\"><figure class=\"swiper-slide-inner\"><img decoding=\"async\" class=\"swiper-slide-image\" src=\"https:\/\/festivales.espol.edu.ec\/smov\/wp-content\/uploads\/2023\/09\/BANNER-2048x791.jpg\" alt=\"BANNER\" \/><\/figure><\/div><div class=\"swiper-slide\" role=\"group\" aria-roledescription=\"slide\" aria-label=\"2 de 4\"><figure class=\"swiper-slide-inner\"><img decoding=\"async\" class=\"swiper-slide-image\" src=\"https:\/\/festivales.espol.edu.ec\/smov\/wp-content\/uploads\/2023\/09\/banner-emma-1-2048x791.jpg\" alt=\"banner-emma\" \/><\/figure><\/div><div class=\"swiper-slide\" role=\"group\" aria-roledescription=\"slide\" aria-label=\"3 de 4\"><figure class=\"swiper-slide-inner\"><img decoding=\"async\" class=\"swiper-slide-image\" src=\"https:\/\/festivales.espol.edu.ec\/smov\/wp-content\/uploads\/2023\/09\/PAPERS-1-2048x791.png\" alt=\"PAPERS\" \/><\/figure><\/div><div class=\"swiper-slide\" role=\"group\" aria-roledescription=\"slide\" aria-label=\"4 de 4\"><figure class=\"swiper-slide-inner\"><img decoding=\"async\" class=\"swiper-slide-image\" src=\"https:\/\/festivales.espol.edu.ec\/smov\/wp-content\/uploads\/2023\/10\/Pasaporte-BANNER-2048x808.jpg\" alt=\"Pasaporte-BANNER\" \/><\/figure><\/div>\t\t\t<\/div>\n\t\t\t\t\t\t\t\t\t\t\t\t<div class=\"elementor-swiper-button elementor-swiper-button-prev\" role=\"button\" tabindex=\"0\">\n\t\t\t\t\t\t<i aria-hidden=\"true\" class=\"eicon-chevron-left\"><\/i>\t\t\t\t\t<\/div>\n\t\t\t\t\t<div class=\"elementor-swiper-button elementor-swiper-button-next\" role=\"button\" tabindex=\"0\">\n\t\t\t\t\t\t<i aria-hidden=\"true\" class=\"eicon-chevron-right\"><\/i>\t\t\t\t\t<\/div>\n\t\t\t\t\n\t\t\t\t\t\t\t\t\t<\/div>\n\t\t\t\t\t\t<\/div>\n\t\t\t\t<\/div>\n\t\t\t\t\t<\/div>\n\t\t<\/div>\n\t\t\t\t\t<\/div>\n\t\t<\/section>\n\t\t\t\t<section class=\"elementor-section elementor-top-section elementor-element elementor-element-3d07cf94 elementor-section-height-full elementor-section-boxed elementor-section-height-default elementor-section-items-middle\" data-id=\"3d07cf94\" data-element_type=\"section\">\n\t\t\t\t\t\t<div class=\"elementor-container elementor-column-gap-no\">\n\t\t\t\t\t<div class=\"elementor-column elementor-col-100 elementor-top-column elementor-element elementor-element-7946773\" data-id=\"7946773\" data-element_type=\"column\">\n\t\t\t<div class=\"elementor-widget-wrap elementor-element-populated\">\n\t\t\t\t\t\t<div class=\"elementor-element elementor-element-2e65ddef elementor-widget elementor-widget-heading\" data-id=\"2e65ddef\" data-element_type=\"widget\" data-widget_type=\"heading.default\">\n\t\t\t\t<div class=\"elementor-widget-container\">\n\t\t\t\t\t<h4 class=\"elementor-heading-title elementor-size-default\">Ejes Tem\u00e1ticos<\/h4>\t\t\t\t<\/div>\n\t\t\t\t<\/div>\n\t\t\t\t<section class=\"elementor-section elementor-inner-section elementor-element elementor-element-60f29afd elementor-section-boxed elementor-section-height-default elementor-section-height-default\" data-id=\"60f29afd\" data-element_type=\"section\">\n\t\t\t\t\t\t<div class=\"elementor-container elementor-column-gap-wider\">\n\t\t\t\t\t<div class=\"elementor-column elementor-col-50 elementor-inner-column elementor-element elementor-element-77dccd31 elementor-invisible\" data-id=\"77dccd31\" data-element_type=\"column\" data-settings=\"{&quot;animation&quot;:&quot;fadeInLeft&quot;}\">\n\t\t\t<div class=\"elementor-widget-wrap elementor-element-populated\">\n\t\t\t\t\t\t<div class=\"elementor-element elementor-element-683ddce4 elementor-widget elementor-widget-heading\" data-id=\"683ddce4\" data-element_type=\"widget\" data-widget_type=\"heading.default\">\n\t\t\t\t<div class=\"elementor-widget-container\">\n\t\t\t\t\t<h2 class=\"elementor-heading-title elementor-size-default\">\u00bfQu\u00e9 es SMOV?<\/h2>\t\t\t\t<\/div>\n\t\t\t\t<\/div>\n\t\t\t\t<div class=\"elementor-element elementor-element-45b9f033 elementor-widget elementor-widget-text-editor\" data-id=\"45b9f033\" data-element_type=\"widget\" data-widget_type=\"text-editor.default\">\n\t\t\t\t<div class=\"elementor-widget-container\">\n\t\t\t\t\t\t\t\t\t<p><span class=\"TextRun SCXW216870822 BCX8\" lang=\"ES-EC\" xml:lang=\"ES-EC\" data-contrast=\"none\"><span class=\"NormalTextRun SCXW216870822 BCX8\">SMOV es un evento anual que engloba diversas presentaciones, talleres y clases magistrales relacionadas, este a\u00f1o, con la divulgaci\u00f3n cient\u00edfica a trav\u00e9s de las artes sonoro-musicales y el movimiento.<\/span><span class=\"NormalTextRun SCXW216870822 BCX8\">\u00a0<\/span><\/span><span class=\"EOP SCXW216870822 BCX8\" data-ccp-props=\"{&quot;201341983&quot;:0,&quot;335551550&quot;:6,&quot;335551620&quot;:6,&quot;335559739&quot;:160,&quot;335559740&quot;:259}\">\u00a0<\/span><\/p>\t\t\t\t\t\t\t\t<\/div>\n\t\t\t\t<\/div>\n\t\t\t\t\t<\/div>\n\t\t<\/div>\n\t\t\t\t<div class=\"elementor-column elementor-col-50 elementor-inner-column elementor-element elementor-element-4e7453b0 elementor-invisible\" data-id=\"4e7453b0\" data-element_type=\"column\" data-settings=\"{&quot;animation&quot;:&quot;fadeInRight&quot;}\">\n\t\t\t<div class=\"elementor-widget-wrap elementor-element-populated\">\n\t\t\t\t\t\t<div class=\"elementor-element elementor-element-e06ccc2 elementor-widget elementor-widget-heading\" data-id=\"e06ccc2\" data-element_type=\"widget\" data-widget_type=\"heading.default\">\n\t\t\t\t<div class=\"elementor-widget-container\">\n\t\t\t\t\t<h2 class=\"elementor-heading-title elementor-size-default\"><a href=\"https:\/\/forms.office.com\/Pages\/ResponsePage.aspx?id=r4yvt9iDREaFrjF8VFIjwWbqoP_bMEVChblS42chpLNURFhQRjIxWEFQNDhYNVhVOEY2SEhEMzNISi4u\">Divulgaci\u00f3n Cient\u00edfica <br>a trav\u00e9s del Arte<\/a><\/h2>\t\t\t\t<\/div>\n\t\t\t\t<\/div>\n\t\t\t\t<div class=\"elementor-element elementor-element-5ed7c946 elementor-widget elementor-widget-text-editor\" data-id=\"5ed7c946\" data-element_type=\"widget\" data-widget_type=\"text-editor.default\">\n\t\t\t\t<div class=\"elementor-widget-container\">\n\t\t\t\t\t\t\t\t\t<p>Llena el formulario para inscribirte al taller <em>Residencia<\/em> . Dictado por la Doctora Emma Camarero.<\/p>\t\t\t\t\t\t\t\t<\/div>\n\t\t\t\t<\/div>\n\t\t\t\t\t<\/div>\n\t\t<\/div>\n\t\t\t\t\t<\/div>\n\t\t<\/section>\n\t\t\t\t<section class=\"elementor-section elementor-inner-section elementor-element elementor-element-5dfe5b14 elementor-section-boxed elementor-section-height-default elementor-section-height-default\" data-id=\"5dfe5b14\" data-element_type=\"section\">\n\t\t\t\t\t\t<div class=\"elementor-container elementor-column-gap-wider\">\n\t\t\t\t\t<div class=\"elementor-column elementor-col-50 elementor-inner-column elementor-element elementor-element-29bef484 elementor-invisible\" data-id=\"29bef484\" data-element_type=\"column\" data-settings=\"{&quot;animation&quot;:&quot;fadeInLeft&quot;}\">\n\t\t\t<div class=\"elementor-widget-wrap elementor-element-populated\">\n\t\t\t\t\t\t<div class=\"elementor-element elementor-element-4d8a5b91 elementor-widget elementor-widget-heading\" data-id=\"4d8a5b91\" data-element_type=\"widget\" data-widget_type=\"heading.default\">\n\t\t\t\t<div class=\"elementor-widget-container\">\n\t\t\t\t\t<h2 class=\"elementor-heading-title elementor-size-default\"><a href=\"https:\/\/wa.me\/593962012531?text=%C2%A1Hola!%20Mi%20nombre%20es%20_____.Quiero%20registrarme%20en%20esta%20actividad%20de%20SMOV:%20%20%20\">\u00a1Inscr\u00edbete ahora!<\/a><\/h2>\t\t\t\t<\/div>\n\t\t\t\t<\/div>\n\t\t\t\t<div class=\"elementor-element elementor-element-32894e2a elementor-widget elementor-widget-text-editor\" data-id=\"32894e2a\" data-element_type=\"widget\" data-widget_type=\"text-editor.default\">\n\t\t\t\t<div class=\"elementor-widget-container\">\n\t\t\t\t\t\t\t\t\t<p>Env\u00edanos un mensaje para registrarte en las actividades de tu inter\u00e9s<\/p>\t\t\t\t\t\t\t\t<\/div>\n\t\t\t\t<\/div>\n\t\t\t\t\t<\/div>\n\t\t<\/div>\n\t\t\t\t<div class=\"elementor-column elementor-col-50 elementor-inner-column elementor-element elementor-element-4fedfa30 elementor-invisible\" data-id=\"4fedfa30\" data-element_type=\"column\" data-settings=\"{&quot;animation&quot;:&quot;fadeInRight&quot;}\">\n\t\t\t<div class=\"elementor-widget-wrap elementor-element-populated\">\n\t\t\t\t\t\t<div class=\"elementor-element elementor-element-7e382b87 elementor-widget elementor-widget-heading\" data-id=\"7e382b87\" data-element_type=\"widget\" data-widget_type=\"heading.default\">\n\t\t\t\t<div class=\"elementor-widget-container\">\n\t\t\t\t\t<h2 class=\"elementor-heading-title elementor-size-default\">Concurso de Folklore<\/h2>\t\t\t\t<\/div>\n\t\t\t\t<\/div>\n\t\t\t\t<div class=\"elementor-element elementor-element-e606396 elementor-widget elementor-widget-text-editor\" data-id=\"e606396\" data-element_type=\"widget\" data-widget_type=\"text-editor.default\">\n\t\t\t\t<div class=\"elementor-widget-container\">\n\t\t\t\t\t\t\t\t\t<p>Descarga las bases aqu\u00ed<\/p>\t\t\t\t\t\t\t\t<\/div>\n\t\t\t\t<\/div>\n\t\t\t\t<div class=\"elementor-element elementor-element-c209be5 elementor-align-center elementor-widget elementor-widget-button\" data-id=\"c209be5\" data-element_type=\"widget\" data-widget_type=\"button.default\">\n\t\t\t\t<div class=\"elementor-widget-container\">\n\t\t\t\t\t\t\t\t\t<div class=\"elementor-button-wrapper\">\n\t\t\t\t\t<a class=\"elementor-button elementor-button-link elementor-size-xs\" href=\"http:\/\/festivales.espol.edu.ec\/smov\/wp-content\/uploads\/2023\/10\/Bases-del-XV-Concurso-de-Danza-Folklorica-Costena-Amateur-ESPOL-Cultural-2023-1.pdf\">\n\t\t\t\t\t\t<span class=\"elementor-button-content-wrapper\">\n\t\t\t\t\t\t<span class=\"elementor-button-icon\">\n\t\t\t\t<i aria-hidden=\"true\" class=\"fas fa-file-download\"><\/i>\t\t\t<\/span>\n\t\t\t\t\t\t\t\t\t<span class=\"elementor-button-text\">Concurso amateur<\/span>\n\t\t\t\t\t<\/span>\n\t\t\t\t\t<\/a>\n\t\t\t\t<\/div>\n\t\t\t\t\t\t\t\t<\/div>\n\t\t\t\t<\/div>\n\t\t\t\t<div class=\"elementor-element elementor-element-17be311 elementor-align-center elementor-widget elementor-widget-button\" data-id=\"17be311\" data-element_type=\"widget\" data-widget_type=\"button.default\">\n\t\t\t\t<div class=\"elementor-widget-container\">\n\t\t\t\t\t\t\t\t\t<div class=\"elementor-button-wrapper\">\n\t\t\t\t\t<a class=\"elementor-button elementor-button-link elementor-size-xs\" href=\"http:\/\/festivales.espol.edu.ec\/smov\/wp-content\/uploads\/2023\/10\/Bases-del-XV-Concurso-de-Danza-Folklorica-Costena-Profesional-ESPOL-Cultural-2023-1.pdf\">\n\t\t\t\t\t\t<span class=\"elementor-button-content-wrapper\">\n\t\t\t\t\t\t<span class=\"elementor-button-icon\">\n\t\t\t\t<i aria-hidden=\"true\" class=\"fas fa-file-download\"><\/i>\t\t\t<\/span>\n\t\t\t\t\t\t\t\t\t<span class=\"elementor-button-text\">Concurso profesional<\/span>\n\t\t\t\t\t<\/span>\n\t\t\t\t\t<\/a>\n\t\t\t\t<\/div>\n\t\t\t\t\t\t\t\t<\/div>\n\t\t\t\t<\/div>\n\t\t\t\t\t<\/div>\n\t\t<\/div>\n\t\t\t\t\t<\/div>\n\t\t<\/section>\n\t\t\t\t\t<\/div>\n\t\t<\/div>\n\t\t\t\t\t<\/div>\n\t\t<\/section>\n\t\t\t\t<section class=\"elementor-section elementor-top-section elementor-element elementor-element-f0f4cde elementor-section-boxed elementor-section-height-default elementor-section-height-default\" data-id=\"f0f4cde\" data-element_type=\"section\">\n\t\t\t\t\t\t<div class=\"elementor-container elementor-column-gap-default\">\n\t\t\t\t\t<div class=\"elementor-column elementor-col-100 elementor-top-column elementor-element elementor-element-f288f2d\" data-id=\"f288f2d\" data-element_type=\"column\">\n\t\t\t<div class=\"elementor-widget-wrap elementor-element-populated\">\n\t\t\t\t\t\t<div class=\"elementor-element elementor-element-1d0eac7 elementor-shape-rounded elementor-grid-0 e-grid-align-center elementor-widget elementor-widget-social-icons\" data-id=\"1d0eac7\" data-element_type=\"widget\" data-widget_type=\"social-icons.default\">\n\t\t\t\t<div class=\"elementor-widget-container\">\n\t\t\t\t\t\t\t<div class=\"elementor-social-icons-wrapper elementor-grid\" role=\"list\">\n\t\t\t\t\t\t\t<span class=\"elementor-grid-item\" role=\"listitem\">\n\t\t\t\t\t<a class=\"elementor-icon elementor-social-icon elementor-social-icon-instagram elementor-repeater-item-308dda7\" href=\"https:\/\/www.instagram.com\/espolcultural\/?hl=es-la\" target=\"_blank\">\n\t\t\t\t\t\t<span class=\"elementor-screen-only\">Instagram<\/span>\n\t\t\t\t\t\t<i aria-hidden=\"true\" class=\"fab fa-instagram\"><\/i>\t\t\t\t\t<\/a>\n\t\t\t\t<\/span>\n\t\t\t\t\t\t\t<span class=\"elementor-grid-item\" role=\"listitem\">\n\t\t\t\t\t<a class=\"elementor-icon elementor-social-icon elementor-social-icon-facebook elementor-repeater-item-034e7d7\" href=\"https:\/\/www.facebook.com\/espolcultural\" target=\"_blank\">\n\t\t\t\t\t\t<span class=\"elementor-screen-only\">Facebook<\/span>\n\t\t\t\t\t\t<i aria-hidden=\"true\" class=\"fab fa-facebook\"><\/i>\t\t\t\t\t<\/a>\n\t\t\t\t<\/span>\n\t\t\t\t\t\t\t<span class=\"elementor-grid-item\" role=\"listitem\">\n\t\t\t\t\t<a class=\"elementor-icon elementor-social-icon elementor-social-icon-whatsapp elementor-repeater-item-bbb0919\" href=\"https:\/\/wa.me\/593962012531?text=%C2%A1Hola!%20Mi%20nombre%20es%20_____.Quiero%20registrarme%20en%20esta%20actividad%20de%20SMOV:%20%20%20\" target=\"_blank\">\n\t\t\t\t\t\t<span class=\"elementor-screen-only\">Whatsapp<\/span>\n\t\t\t\t\t\t<i aria-hidden=\"true\" class=\"fab fa-whatsapp\"><\/i>\t\t\t\t\t<\/a>\n\t\t\t\t<\/span>\n\t\t\t\t\t\t\t<span class=\"elementor-grid-item\" role=\"listitem\">\n\t\t\t\t\t<a class=\"elementor-icon elementor-social-icon elementor-social-icon-youtube elementor-repeater-item-5d33723\" href=\"https:\/\/www.youtube.com\/@ESPOLCultural\" target=\"_blank\">\n\t\t\t\t\t\t<span class=\"elementor-screen-only\">Youtube<\/span>\n\t\t\t\t\t\t<i aria-hidden=\"true\" class=\"fab fa-youtube\"><\/i>\t\t\t\t\t<\/a>\n\t\t\t\t<\/span>\n\t\t\t\t\t\t\t<span class=\"elementor-grid-item\" role=\"listitem\">\n\t\t\t\t\t<a class=\"elementor-icon elementor-social-icon elementor-social-icon-tiktok elementor-repeater-item-42e74cb\" href=\"https:\/\/www.tiktok.com\/@espolcultural\" target=\"_blank\">\n\t\t\t\t\t\t<span class=\"elementor-screen-only\">Tiktok<\/span>\n\t\t\t\t\t\t<i aria-hidden=\"true\" class=\"fab fa-tiktok\"><\/i>\t\t\t\t\t<\/a>\n\t\t\t\t<\/span>\n\t\t\t\t\t<\/div>\n\t\t\t\t\t\t<\/div>\n\t\t\t\t<\/div>\n\t\t\t\t\t<\/div>\n\t\t<\/div>\n\t\t\t\t\t<\/div>\n\t\t<\/section>\n\t\t\t\t<section class=\"elementor-section elementor-top-section elementor-element elementor-element-bf29df8 elementor-section-boxed elementor-section-height-default elementor-section-height-default\" data-id=\"bf29df8\" data-element_type=\"section\">\n\t\t\t\t\t\t<div class=\"elementor-container elementor-column-gap-default\">\n\t\t\t\t\t<div class=\"elementor-column elementor-col-100 elementor-top-column elementor-element elementor-element-ed38885\" data-id=\"ed38885\" data-element_type=\"column\">\n\t\t\t<div class=\"elementor-widget-wrap elementor-element-populated\">\n\t\t\t\t\t\t<div class=\"elementor-element elementor-element-e6fd282 elementor-widget elementor-widget-htmega-videoplayer-addons\" data-id=\"e6fd282\" data-element_type=\"widget\" data-widget_type=\"htmega-videoplayer-addons.default\">\n\t\t\t\t<div class=\"elementor-widget-container\">\n\t\t\t\t\t            <div class=\"htmega-player-container\" data-videotype=\"{&quot;videocontainer&quot;:&quot;popup&quot;}\">\n                <a class=\"magnify-video-active\" href=\"https:\/\/www.youtube.com\/watch?v=37VhTPngxEQ&#038;t=115s&#038;ab_channel=ESPOLCultural\"><i class=\"fab fa-youtube\"><\/i> Video <\/a>                            <\/div>\n        \t\t\t\t<\/div>\n\t\t\t\t<\/div>\n\t\t\t\t\t<\/div>\n\t\t<\/div>\n\t\t\t\t\t<\/div>\n\t\t<\/section>\n\t\t\t\t<\/div>\n\t\t","protected":false},"excerpt":{"rendered":"<p>Ejes Tem\u00e1ticos \u00bfQu\u00e9 es SMOV? SMOV es un evento anual que engloba diversas presentaciones, talleres y clases magistrales relacionadas, este a\u00f1o, con la divulgaci\u00f3n cient\u00edfica a trav\u00e9s de las artes sonoro-musicales y el movimiento.\u00a0\u00a0 Divulgaci\u00f3n Cient\u00edfica a trav\u00e9s del Arte Llena el formulario para inscribirte al taller Residencia . Dictado por la Doctora Emma Camarero. [&hellip;]<\/p>\n","protected":false},"author":870,"featured_media":2698,"parent":0,"menu_order":0,"comment_status":"closed","ping_status":"closed","template":"","meta":{"_uag_custom_page_level_css":"","site-sidebar-layout":"no-sidebar","site-content-layout":"page-builder","ast-site-content-layout":"full-width-container","site-content-style":"default","site-sidebar-style":"default","ast-global-header-display":"","ast-banner-title-visibility":"","ast-main-header-display":"","ast-hfb-above-header-display":"","ast-hfb-below-header-display":"","ast-hfb-mobile-header-display":"","site-post-title":"disabled","ast-breadcrumbs-content":"","ast-featured-img":"disabled","footer-sml-layout":"","theme-transparent-header-meta":"","adv-header-id-meta":"","stick-header-meta":"","header-above-stick-meta":"","header-main-stick-meta":"","header-below-stick-meta":"","astra-migrate-meta-layouts":"set","ast-page-background-enabled":"default","ast-page-background-meta":{"desktop":{"background-color":"var(--ast-global-color-4)","background-image":"","background-repeat":"repeat","background-position":"center center","background-size":"auto","background-attachment":"scroll","background-type":"","background-media":"","overlay-type":"","overlay-color":"","overlay-opacity":"","overlay-gradient":""},"tablet":{"background-color":"","background-image":"","background-repeat":"repeat","background-position":"center center","background-size":"auto","background-attachment":"scroll","background-type":"","background-media":"","overlay-type":"","overlay-color":"","overlay-opacity":"","overlay-gradient":""},"mobile":{"background-color":"","background-image":"","background-repeat":"repeat","background-position":"center center","background-size":"auto","background-attachment":"scroll","background-type":"","background-media":"","overlay-type":"","overlay-color":"","overlay-opacity":"","overlay-gradient":""}},"ast-content-background-meta":{"desktop":{"background-color":"var(--ast-global-color-5)","background-image":"","background-repeat":"repeat","background-position":"center center","background-size":"auto","background-attachment":"scroll","background-type":"","background-media":"","overlay-type":"","overlay-color":"","overlay-opacity":"","overlay-gradient":""},"tablet":{"background-color":"var(--ast-global-color-5)","background-image":"","background-repeat":"repeat","background-position":"center center","background-size":"auto","background-attachment":"scroll","background-type":"","background-media":"","overlay-type":"","overlay-color":"","overlay-opacity":"","overlay-gradient":""},"mobile":{"background-color":"var(--ast-global-color-5)","background-image":"","background-repeat":"repeat","background-position":"center center","background-size":"auto","background-attachment":"scroll","background-type":"","background-media":"","overlay-type":"","overlay-color":"","overlay-opacity":"","overlay-gradient":""}},"footnotes":""},"class_list":["post-2625","page","type-page","status-publish","has-post-thumbnail","hentry"],"uagb_featured_image_src":{"full":["https:\/\/festivales.espol.edu.ec\/smov\/wp-content\/uploads\/2023\/09\/BACK2.jpg",1080,1920,false],"thumbnail":["https:\/\/festivales.espol.edu.ec\/smov\/wp-content\/uploads\/2023\/09\/BACK2-150x150.jpg",150,150,true],"medium":["https:\/\/festivales.espol.edu.ec\/smov\/wp-content\/uploads\/2023\/09\/BACK2-169x300.jpg",169,300,true],"medium_large":["https:\/\/festivales.espol.edu.ec\/smov\/wp-content\/uploads\/2023\/09\/BACK2-768x1365.jpg",768,1365,true],"large":["https:\/\/festivales.espol.edu.ec\/smov\/wp-content\/uploads\/2023\/09\/BACK2-576x1024.jpg",576,1024,true],"1536x1536":["https:\/\/festivales.espol.edu.ec\/smov\/wp-content\/uploads\/2023\/09\/BACK2-864x1536.jpg",864,1536,true],"2048x2048":["https:\/\/festivales.espol.edu.ec\/smov\/wp-content\/uploads\/2023\/09\/BACK2.jpg",1080,1920,false],"htmega_size_585x295":["https:\/\/festivales.espol.edu.ec\/smov\/wp-content\/uploads\/2023\/09\/BACK2-585x295.jpg",585,295,true],"htmega_size_1170x536":["https:\/\/festivales.espol.edu.ec\/smov\/wp-content\/uploads\/2023\/09\/BACK2-1080x536.jpg",1080,536,true],"htmega_size_396x360":["https:\/\/festivales.espol.edu.ec\/smov\/wp-content\/uploads\/2023\/09\/BACK2-396x360.jpg",396,360,true]},"uagb_author_info":{"display_name":"Daniel Hernandez","author_link":"https:\/\/festivales.espol.edu.ec\/smov\/author\/daalhern\/"},"uagb_comment_info":0,"uagb_excerpt":"Ejes Tem\u00e1ticos \u00bfQu\u00e9 es SMOV? SMOV es un evento anual que engloba diversas presentaciones, talleres y clases magistrales relacionadas, este a\u00f1o, con la divulgaci\u00f3n cient\u00edfica a trav\u00e9s de las artes sonoro-musicales y el movimiento.\u00a0\u00a0 Divulgaci\u00f3n Cient\u00edfica a trav\u00e9s del Arte Llena el formulario para inscribirte al taller Residencia . Dictado por la Doctora Emma Camarero.&hellip;","_links":{"self":[{"href":"https:\/\/festivales.espol.edu.ec\/smov\/wp-json\/wp\/v2\/pages\/2625","targetHints":{"allow":["GET"]}}],"collection":[{"href":"https:\/\/festivales.espol.edu.ec\/smov\/wp-json\/wp\/v2\/pages"}],"about":[{"href":"https:\/\/festivales.espol.edu.ec\/smov\/wp-json\/wp\/v2\/types\/page"}],"author":[{"embeddable":true,"href":"https:\/\/festivales.espol.edu.ec\/smov\/wp-json\/wp\/v2\/users\/870"}],"replies":[{"embeddable":true,"href":"https:\/\/festivales.espol.edu.ec\/smov\/wp-json\/wp\/v2\/comments?post=2625"}],"version-history":[{"count":110,"href":"https:\/\/festivales.espol.edu.ec\/smov\/wp-json\/wp\/v2\/pages\/2625\/revisions"}],"predecessor-version":[{"id":3405,"href":"https:\/\/festivales.espol.edu.ec\/smov\/wp-json\/wp\/v2\/pages\/2625\/revisions\/3405"}],"wp:featuredmedia":[{"embeddable":true,"href":"https:\/\/festivales.espol.edu.ec\/smov\/wp-json\/wp\/v2\/media\/2698"}],"wp:attachment":[{"href":"https:\/\/festivales.espol.edu.ec\/smov\/wp-json\/wp\/v2\/media?parent=2625"}],"curies":[{"name":"wp","href":"https:\/\/api.w.org\/{rel}","templated":true}]}}